irst derivative of -l**2/2 + 58*l - 4. Let z be t(0). Let i = z - 33. What is the units digit of i?
5
Let d(o) = -o**3 - o + 156. Suppose -2*w + y + 3 = 0, 3*w + 3 = -w - y. What is the tens digit of d(w)?
5
Let m = 100 - 90. Suppose 0*j - 2200 = -m*j. What is the units digit of j?
0
Suppose 2*d - 2 = -4. Let h be 2 + 3/d*-6. Let v = h + -5. What is the units digit of v?
5
Suppose -303 = 3*g + 5*y, 4*y = 2*y - 6. What is the units digit of (2 - 0) + g/(-2)?
0
Suppose 4*d - 9 = 3*p + 372, 0 = 2*d - 3*p - 189. What is the tens digit of d?
9
What is the tens digit of (-1222)/(-14) - 70/245?
8
Suppose 12*x - 38073 + 8721 = 0. What is the hundreds digit of x?
4
Suppose -1234 = -5*k + 111. Suppose -3*x + 103 = -k. What is the hundreds digit of x?
1
Let q(l) = -3*l**2 - 13*l - 13. Let w be q(-4). Let s(h) = 8*h + 10. Let g(v) = 7*v + 9. Let p(t) = -4*g(t) + 3*s(t). What is the units digit of p(w)?
0
Let b be (-1 - 0)*(-186 + -1). Let q = b + -130. What is the tens digit of q?
5
Suppose -3*m - 3 = -5*p, -2*m + 11 = -0*m + p. Suppose 140 = m*f + 16. What is the units digit of f?
1
Let n(f) = f - 7. Let y(a) = 2*a - 10. Let g(h) = -7*n(h) + 5*y(h). Let w be g(5). Let t = 18 - w. What is the units digit of t?
4
Suppose 17*h - 21*h - 2*o + 2420 = 0, o + 3614 = 6*h. What is the units digit of h?
3
Let x(s) = -21*s - 6. Let q(l) = -l. Let j be q(2). What is the units digit of x(j)?
6
Suppose -9*r = z - 17334, 3*z = r - 2094 + 168. What is the thousands digit of r?
1
Suppose 0 = 5*q + 12 + 3. What is the tens digit of 2/q + 308/12?
2
Let w be ((-1)/3)/(16/(-624)). Suppose 0 = -2*c + 2*a + 51 - 19, 2*a - w = -c. What is the tens digit of c?
1
Let r(y) = 16*y**3 + 2. Let d be 3/2 + 5/10. What is the tens digit of r(d)?
3
Let b = 82 - 202. Let h be ((-14)/4)/((-5)/b). Let l = 139 + h. What is the units digit of l?
5
Suppose 1 + 14 = 5*i. Suppose -t = i*t - 16. Suppose -23 = -t*z + 3*z. What is the units digit of z?
3
What is the hundreds digit of -13 - 2040/(-3) - (0 - 6)?
6
Let s(m) = -m**2 + 2*m + 1. Let q be s(-1). What is the units digit of (3/(-6))/((-1)/q) - -25?
4
Suppose 0 = 41*g - 34576 + 4441. What is the tens digit of g?
3
Let a be (-357)/(-33) + (-26)/(-22) + -1. Let f(p) = p**2 + p - 13. What is the units digit of f(a)?
9
Let k = 790 - 367. What is the tens digit of k?
2
Let r be 0/(0 - ((-2)/(-2) - 3)). Suppose -4*x - 2*k + 4*k + 32 = r, -x = -4*k - 8. What is the units digit of x?
8
Let d be 4/((-3)/(-108)*3). Suppose -a + 4*a - d = 0. Let i = a - 10. What is the units digit of i?
6
Suppose -5*c = -1 - 44. Suppose -2*d + 4*f = -56, f = 2*d - c - 32. What is the tens digit of d?
1
Suppose -195 + 45 = -5*z. Suppose -z*a = -34*a + 76. What is the units digit of a?
9
Let o(i) be the second derivative of i**4/2 - i**3/3 - i**2 - i. Suppose 3*q = -6 - 0, -3*q - 12 = -3*b. What is the units digit of o(b)?
8
Let h(n) = -n**3 + 5*n**2 + 16*n - 14. Let l be h(7). Suppose l = t - 5*t + p + 799, 0 = -5*p - 15. What is the units digit of t?
9
Let b(c) = c**3 + 12*c**2 + 13*c + 9 - 6*c**2 + 10*c**2. What is the tens digit of b(-15)?
3
Let c = 17 - 16. Let j(d) = c + 1 - 8*d**2 - 25*d + 25*d + d**3. What is the units digit of j(8)?
2
Let c be 1/3*0/(-1). Let s(w) = -3*w + 8. What is the units digit of s(c)?
8
Suppose p - 143 = -5*l, 10*l = -3*p + 14*l + 505. What is the hundreds digit of p?
1
Let p(g) = g**2 + 6*g - 5. Let h be p(-7). Let c(o) = 17*o - 4 + 3*o**2 - 14*o + h. What is the tens digit of c(3)?
3
Suppose 3*g + 3*w = 240, 3*w - 67 = -g + 7. Suppose 0 = -8*f + 101 + g. What is the tens digit of f?
2
Let i(r) = -27 + 29 + 3*r + 2*r. What is the tens digit of i(5)?
2
Let t = 773 + 100. What is the hundreds digit of t?
8
Suppose 8*v + 4*h - 1496 = 5*v, -1503 = -3*v + 3*h. Let i = 739 - v. What is the tens digit of i?
3
Let y(c) = 67*c - 2. Let a be y(2). Let m be (-1)/(-3)*a/4. Suppose -m = -v + 2*f + 4, -4*v + 2*f + 66 = 0. What is the tens digit of v?
1
Let c = 1660 + -1173. What is the tens digit of c?
8
Let l = -19 + 18. What is the tens digit of ((-8)/10)/(2/230*l)?
9
Let u(o) be the third derivative of 11*o**5/60 - o**3/6 + 36*o**2. Let q be -1 - (3 + -1 - 5). What is the tens digit of u(q)?
4
Suppose 0 = 3*i - 4*d + 14, 2 = 3*i + 4*d - 0. Let q be 272/(-24) + i/3. Let c = q + 22. What is the units digit of c?
0
Let u = 1532 - -588. What is the hundreds digit of u?
1
Suppose 4*d + l - 6*l = 2481, 5*d - 3126 = -2*l. What is the hundreds digit of d?
6
Suppose -19*w + 7033 + 30036 = 0. What is the tens digit of w?
5
Let g be (-579)/(-12) - 3/12. Suppose f + 345 = 6*f. Let o = f - g. What is the tens digit of o?
2
Let c = -33 - -36. Let w(v) = -6*v**2 + 6. Let r be w(c). Let q = -32 - r. What is the units digit of q?
6
Let i be -1 + -2 + (-12)/(-4). Let t be i + 1/((-1)/(-10)). Suppose -11 - t = -3*g. What is the units digit of g?
7
Let i(o) = o**3 - 8*o**2 + o - 4. Let m be i(8). Suppose -2*y + 3*y + 19 = -t, 0 = t - m*y - 1. Let h = t - -43. What is the units digit of h?
8
Let j(d) = 2089*d**3 - 3*d**2 + 12*d - 10. What is the thousands digit of j(1)?
2
Suppose 2*v - 4264 = -5*i, 0 = -4*v + 4*i - 5*i + 8564. What is the hundreds digit of v?
1
Suppose 0 = 3*m - 7*m - 12. Let z be m + (1 - 1 - -1). What is the units digit of (-48)/(-5) - z/5?
0
Let m(h) = 165*h**2 - 46*h - 129. What is the units digit of m(-3)?
4
Suppose 4*a - 22 + 110 = 0. Let m = 24 + a. What is the units digit of m?
2
Let z(k) = 9*k + 7. Let b(v) = 5*v + 3. Let x(t) = -7*b(t) + 4*z(t). What is the units digit of x(8)?
5
Suppose -5*o - 2*w = -0*o - 1437, -2*o = -4*w - 570. What is the tens digit of o?
8
Let c = -7 + 98. What is the tens digit of 4 + (0 - c*-1)?
9
Suppose -2*z + 30 = 3*z. Suppose 0 = -5*m + 2*c + 30, 4*m + z*c - 3*c - 1 = 0. Let l = 17 + m. What is the units digit of l?
1
Let l = -39 + -26. Let d = 32 - l. What is the tens digit of d?
9
Let f = 126 + -38. Let z be (-1 - -3)/4*f. Suppose v + z = 4*o - v, 3*v = o - 6. What is the tens digit of o?
1
What is the thousands digit of 23/((-1)/((-2)/(-4)*-166))?
1
Suppose -30 = -5*m - 2*g + g, -17 = -m + 2*g. Suppose -5*x + m*q = 2*q - 315, -2*x - 3*q = -136. What is the units digit of x?
5
Let w = -25 + 9. What is the units digit of 440/w*(1 + -3)?
5
Suppose -11*x - 8 = -15*x. Suppose d = -2*d + 15, x*d = 2*a. Suppose -a*r - 1 + 6 = 0. What is the units digit of r?
1
Let s be (-2)/(0 + 2) - 2. Let o be 20*-1*s/3. Suppose 0 = -4*k + 2*i + o, 5*k = 2*i - 6*i - 1. What is the units digit of k?
3
What is the tens digit of 8/16 - (4 - 4659/6)?
7
Suppose 10 = 3*l + 1. Suppose -5*o + 584 = l*o. What is the tens digit of o?
7
Suppose 2*r = -r + 39. Let b = -13 + r. What is the tens digit of b - (2 + -26 + -3)?
2
Let q = 73 - -53. What is the tens digit of q?
2
Suppose -10 = -8*f + 6*f. Suppose -f*a + 12 = -23. Suppose 4*h + 66 = a*h. What is the tens digit of h?
2
Suppose -2*f - 547 = -n - 0*n, -3*n - 5*f = -1630. What is the units digit of n?
5
Let t(i) = 7 - 8 + 7*i**2 + i**3 - 1 + 5*i. Let w be t(-6). What is the units digit of (-60)/((-2)/w*3)?
0
Let v = -79 - -256. What is the tens digit of v?
7
Let u(x) be the third derivative of -x**4/4 - 2*x**3 - 14*x**2. What is the units digit of u(-15)?
8
Suppose -k = -10 + 27. Let t(q) = q**2 + 11*q - 10. What is the units digit of t(k)?
2
Let t = -5 - -7. Let c be -2*(t + -1 + -7). What is the units digit of 8/c*-3 + 5?
3
What is the tens digit of 5*(-8)/100 + 3364/10?
3
Let a = -38 + 653. What is the hundreds digit of a?
6
Let r(y) = -y**2 - 11*y + 8. Let m be r(-10). Suppose j + 4*g + m = 0, -3*g - 15 = -0*g. What is the tens digit of 5/((-5)/(-14))*j?
2
Let y(m) = -6*m - 7. Let u be y(12). Let b = -56 - u. What is the tens digit of b?
2
Let r be 1*(4/10 - 6/(-10)). What is the units digit of r/(58/36 + (-6)/4)?
9
Suppose -j + 491 = 3*l, -2*j = 8*l - 9*l - 1017. What is the tens digit of j?
0
Let p = -138 - -448. What is the hundreds digit of p?
3
Suppose 3*s - 15 = 2*s. Let p be (s/5)/(9/48). Suppose 3*u = 2*u + p. What is the units digit of u?
6
Let l = 54 - 49. Suppose -292 = -2*c - 5*p, -l*c - 396 = -5*p - 1091. What is the tens digit of c?
4
Suppose -5*a - 4*t = -0*a - 1705, 5*t = a - 370. What is the hundreds digit of a?
3
Suppose -22*m - 2555 = -29*m. What is the units dig